{"id":2508,"date":"2023-03-24T16:13:50","date_gmt":"2023-03-24T15:13:50","guid":{"rendered":"http:\/\/delightfilm.de\/about-us-2\/"},"modified":"2023-04-03T14:19:32","modified_gmt":"2023-04-03T12:19:32","slug":"about-us-2","status":"publish","type":"page","link":"http:\/\/delightfilm.de\/?page_id=2508","title":{"rendered":"Videoschnitt"},"content":{"rendered":"\n<p class=\"has-white-color has-text-color\">Ein Film besteht nicht nur aus einer Sequenz, sondern aus mehreren, die man im Schnitt zusammenf\u00fcgen muss. Und damit steht und f\u00e4llt die Wirkung eines Filmes. Die Kunst ist, die verschiedenere Teile so zu montieren, dass beim Schauen ein gutes Gef\u00fchl entsteht. Genau das ist meine Arbeit, die ich mit viel Detailfreudigkeit und Liebe verrichte.<\/p>\n\n\n\n<div class=\"wp-block-columns has-gray-background-color has-background is-layout-flex wp-container-core-columns-is-layout-9d6595d7 wp-block-columns-is-layout-flex\">\n<div class=\"wp-block-column is-layout-flow wp-block-column-is-layout-flow\">\n<figure class=\"wp-block-image size-large is-style-rounded\"><img loading=\"lazy\" decoding=\"async\" width=\"1024\" height=\"672\" src=\"http:\/\/delightfilm.de\/wp-content\/uploads\/2023\/03\/Frank_Stienen03-1024x672.jpg\" alt=\"\" class=\"wp-image-17\" srcset=\"http:\/\/delightfilm.de\/wp-content\/uploads\/2023\/03\/Frank_Stienen03-1024x672.jpg 1024w, http:\/\/delightfilm.de\/wp-content\/uploads\/2023\/03\/Frank_Stienen03-300x197.jpg 300w, http:\/\/delightfilm.de\/wp-content\/uploads\/2023\/03\/Frank_Stienen03-768x504.jpg 768w, http:\/\/delightfilm.de\/wp-content\/uploads\/2023\/03\/Frank_Stienen03.jpg 1080w\" sizes=\"auto, (max-width: 1024px) 100vw, 1024px\" \/><figcaption class=\"wp-element-caption\">Frank Stienen bei der Arbeit<\/figcaption><\/figure>\n<\/div>\n<\/div>\n\n\n\n<blockquote class=\"wp-block-quote is-style-large has-white-color has-text-color is-layout-flow wp-block-quote-is-layout-flow\" id=\"output\">\n<p class=\"has-white-color has-text-color\">&#8222;Ich muss Ihnen gestehen, die Liebe zum Kino ist mir wichtiger als jede Moral.&#8220;<\/p>\n<cite>Alfred Hitchcock<\/cite><\/blockquote>\n\n\n\n<h2 class=\"wp-block-heading has-text-align-center has-white-color has-text-color\">Color Correction<\/h2>\n\n\n\n<p class=\"has-white-color has-text-color\">Farben sind wichtig. Sie k\u00f6nnen Gef\u00fchle erzeugen und lenken. Es gibt kalte und warme Farben. &#8222;Falsche&#8220; Farben fallen dem Zuschauer bewusst oder unbewusst auf. Meine Aufgabe bei der Postproduktion ist u.a. die Farben unterschiedlicher Kameraquellen zu &#8222;matchen&#8220;, d.h. sie passend zueinander zu \u00e4ndern.&nbsp;<\/p>\n\n\n\n<figure class=\"wp-block-image size-full\"><img loading=\"lazy\" decoding=\"async\" width=\"1074\" height=\"504\" src=\"http:\/\/delightfilm.de\/wp-content\/uploads\/2023\/03\/380d71e6-2803-4535-a49c-410db91b173b.webp\" alt=\"\" class=\"wp-image-2532\"\/><figcaption class=\"wp-element-caption\">Richtige Farben erzeugen Stimmungen<\/figcaption><\/figure>\n\n\n\n<h2 class=\"wp-block-heading has-text-align-center\">Sound Editing<\/h2>\n\n\n\n<p class=\"has-white-color has-text-color\">Auch den Sound eines Filmes sollte man nicht untersch\u00e4tzen. Das Auge eines Menschen kann man durch Filmtricks leicht t\u00e4uschen. Einen\u00a0unpassenden Ton verzeiht das Ohr nicht so leicht.<\/p>\n\n\n\n<figure class=\"wp-block-image size-full\"><img loading=\"lazy\" decoding=\"async\" width=\"1074\" height=\"504\" src=\"http:\/\/delightfilm.de\/wp-content\/uploads\/2023\/03\/Fairlight.webp\" alt=\"\" class=\"wp-image-2533\"\/><figcaption class=\"wp-element-caption\">Der Ton macht die Musik.<\/figcaption><\/figure>\n\n\n\n<p> <\/p>\n\n\n\n<p><\/p>\n","protected":false},"excerpt":{"rendered":"<div class=\"entry-summary\">\nEin Film besteht nicht nur aus einer Sequenz, sondern aus mehreren, die&hellip;\n<\/div>\n<div class=\"link-more\"><a href=\"http:\/\/delightfilm.de\/?page_id=2508\" class=\"more-link\">Continue reading<span class=\"screen-reader-text\"> &ldquo;Videoschnitt&rdquo;<\/span>&hellip;<\/a><\/div>\n","protected":false},"author":1,"featured_media":0,"parent":0,"menu_order":1,"comment_status":"closed","ping_status":"closed","template":"","meta":{"footnotes":""},"class_list":["post-2508","page","type-page","status-publish","hentry","entry"],"_links":{"self":[{"href":"http:\/\/delightfilm.de\/index.php?rest_route=\/wp\/v2\/pages\/2508","targetHints":{"allow":["GET"]}}],"collection":[{"href":"http:\/\/delightfilm.de\/index.php?rest_route=\/wp\/v2\/pages"}],"about":[{"href":"http:\/\/delightfilm.de\/index.php?rest_route=\/wp\/v2\/types\/page"}],"author":[{"embeddable":true,"href":"http:\/\/delightfilm.de\/index.php?rest_route=\/wp\/v2\/users\/1"}],"replies":[{"embeddable":true,"href":"http:\/\/delightfilm.de\/index.php?rest_route=%2Fwp%2Fv2%2Fcomments&post=2508"}],"version-history":[{"count":3,"href":"http:\/\/delightfilm.de\/index.php?rest_route=\/wp\/v2\/pages\/2508\/revisions"}],"predecessor-version":[{"id":2618,"href":"http:\/\/delightfilm.de\/index.php?rest_route=\/wp\/v2\/pages\/2508\/revisions\/2618"}],"wp:attachment":[{"href":"http:\/\/delightfilm.de\/index.php?rest_route=%2Fwp%2Fv2%2Fmedia&parent=2508"}],"curies":[{"name":"wp","href":"https:\/\/api.w.org\/{rel}","templated":true}]}}